 What is c(m)?
1
Let a(k) = k**2 + 3*k - 3. Let l = -131 - -126. Calculate a(l).
7
Let f(w) = 0 + w**2 - 9*w**2 + 1 - 2*w. Let l = -79 + 79. Suppose -3*m - 5*p - 17 = l, -p - 6 = -0*m - 2*m. Give f(m).
-9
Let k(o) = -o + 13. Suppose 0 = 3949*v - 3948*v + 5. Give k(v).
18
Let p(d) = -d**3 + 5*d**2 - 5*d + 5. Let r(y) = 4*y + 1 + 1 - 8*y. Let c be r(6). Let x = -18 - c. Give p(x).
1
Let y(l) be the third derivative of -l**5/30 + l**4/24 + l**3/6 - 49*l**2. What is y(-4)?
-35
Let o(r) = 10*r + 462. Let a be o(-46). Let t(i) be the second derivative of -1/6*i**3 + 0 - 4*i + 1/2*i**a. Determine t(6).
-5
Let d(q) = -q**2 + 8*q + 2. Let s(c) = 1. Let n(m) = -m**3 + 3*m**2 + 4*m - 1. Let v be n(4). Let p(j) = v*d(j) + 4*s(j). Give p(6).
-10
Let q(j) = -4*j**3 + 5*j**3 + 5*j**2 + 26 - 2*j - 20 - 14. Give q(-5).
2
Let n(c) = 1 + 3 + 1 + 3*c + 2. Let v = 378 + -383. What is n(v)?
-8
Let r(h) be the third derivative of h**5/60 + h**4/4 - h**3/3 + 34*h**2. Give r(-6).
-2
Let b be (-4)/(-3) + 136/(-12) + 6. Let s be ((-6)/b)/((-2)/8). Let g(n) = n**2 + 6*n - 1. Give g(s).
-1
Let o(l) = -10 - l**3 - 14*l - 2*l**2 - 7*l**2 + l**2. Let i be o(-6). Let w(h) = -2*h**3 + h**2 + 3*h - 2. What is w(i)?
-8
Let m be (-4)/22 - 70/(-22). Suppose -6 = -i + 3*i - m*s, -5*i = -5*s + 10. Let t(n) = i*n - 2*n + 0 - 5 + n. What is t(-4)?
-1
Let q(v) = v**2 - 3*v - 1. Let a be 33/(-44)*(-2 - 2). What is q(a)?
-1
Let v(x) = -x**3 - 10*x**2 - 2*x - 19. Let n be v(-10). Let f(s) = 10*s. Calculate f(n).
10
Let i(c) = -32*c + 18. Let j(p) = -13*p + 7. Let x(b) = -5*i(b) + 12*j(b). Give x(-6).
-30
Let g = -3 - -7. Let y(r) = 5 - 219*r - 223*r - 1 - 224*r + 664*r. What is y(g)?
-4
Let f(p) be the first derivative of -p**2/2 + 3*p + 4. Let h be 16/(-56) + (-5)/7. Let k = h + 8. Determine f(k).
-4
Let g(r) be the third derivative of 0 - 3*r - r**3 - 1/8*r**4 - 5*r**2. Determine g(-5).
9
Let b(k) be the third derivative of -k**6/120 - k**5/30 - k**4/24 - 143*k**2. Let u = -9 + 8. Determine b(u).
0
Let r = -31 - -72. Let y(v) = 90 - r + 5*v - 47. Determine y(-2).
-8
Let r = 4 - 2. Let p(a) = 3*a**2 + a + 2 + 4*a - r*a**2. Suppose 7*z = 6*z - 5. Give p(z).
2
Let y be (-4)/((-16)/(-20))*-1. Let k(b) = -b**3 + 4*b**2 + 7*b - 7. Let v be k(y). Let c(w) = w**3 - 4*w**2 + 3*w. Calculate c(v).
0
Let d(u) be the second derivative of u**5/20 + u**4/6 - u**3/2 - u**2/2 + 612*u. What is d(-4)?
-21
Suppose -3*d = -2*d + g + 4, 20 = -5*d + 4*g. Let r(o) = -1. Let z(y) = -3*y - 10. Let k(f) = -6*r(f) + z(f). Determine k(d).
8
Let c(w) be the first derivative of -11*w**2/2 + 2*w + 117. What is c(1)?
-9
Let h be (-5)/((-100)/32)*-5. Let g be ((-26)/(-8) + -4)*h. Let a(f) = -2*f + f - 1 + 2*f. Give a(g).
5
Let i(l) = -l**2 + 6*l - 6. Let c(u) = u**3 - 3*u**2 - 3*u. Let g be c(4). Let t(a) = -a**2 + 3*a + 8. Let d be t(g). Determine i(d).
2
Let z(k) = 2*k - 2. Let q(n) = -n**3 + 15*n**2 - 12*n + 8. Let l be q(14). Let v = 32 - l. Give z(v).
-10
Suppose 0 = u + 4*w + 11 + 1, 3*u + 22 = -5*w. Let k(r) = r**2 + 4*r - 4. Determine k(u).
-4
Let j(w) = -3*w - 22*w**2 + 2*w + 40*w**2 + 3 - 2*w - 17*w**2. Let n(z) = z**2 + 3*z - 6. Let i be n(-5). Calculate j(i).
7
Let a = 1814 - 1829. Let l(q) = 4*q + 62. Give l(a).
2
Let s be (4/6)/(2/18). Suppose 5*f - 3*f = -s. Let x(w) be the first derivative of w**4/2 + 5*w**3/3 + w**2 - w + 386. Determine x(f).
-16
Let p(o) be the third derivative of -o**7/840 - o**6/90 + o**3/3 - 2*o**2. Let r(c) be the first derivative of p(c). Let l = -23 - -20. What is r(l)?
-9
Let y(w) = 5 - 6*w - w**2 - 4*w**2 + 5*w - 7*w**3 + 7*w**2. Let r(k) = k**3 - 1. Let j(x) = -3*r(x) - y(x). Determine j(2).
24
Let b(w) = -w**2 + 5*w - 3. Let n(z) = -z + 2. Let f be n(-5). Suppose -2*x - y - f = 0, x = 4*x + y + 11. Let u be x/14 + (-90)/(-21). Give b(u).
1
Let a(l) = -6*l + 43 + l**2 - 74 + 47 - 3*l. Calculate a(8).
8
Let n(j) be the third derivative of 0*j + 1/6*j**3 + 1/12*j**4 + 2*j**2 + 0 + 1/60*j**5. Let m be 0 + 1 + -6 + 10/5. Determine n(m).
4
Suppose 0 = 4*k - 7*k + k + 8. Let m(h) be the second derivative of 0 - 1/6*h**3 - 2*h**2 + 2*h - 1/4*h**4 + 1/20*h**5. Determine m(k).
8
Let z(x) be the second derivative of -x**4/6 - 2*x**3 + x**2 + 48*x + 1. What is z(-6)?
2
Let f(l) = -4*l + 2. Let t(q) = -2*q**2 - 33*q + 16. Let h be t(-17). Let d be (-20)/(-6) + h/(-4 - -7). Give f(d).
-10
Let t(p) = -2*p - 1. Let o(g) = 1. Let f(w) = -6*o(w) - 3*t(w). Let b(v) = -v. Let i(d) = -2*b(d) - f(d). What is i(4)?
-13
Suppose 4*w = 10 + 10. Let f(u) = -u - u**2 - 2*u - 28*u**3 + 5 + 6*u**2 + 27*u**3 + 2. Determine f(w).
-8
Suppose 0 = -4*c - u - 28, 11*u - 7*u - 16 = 0. Let s(m) = -m - 2 + 3 - 5. Let x be s(c). Let g(t) = -t**3 + 4*t**2 + 3*t - 6. Calculate g(x).
6
Let w(s) = 3 + 6*s + 13 - 2*s**2 - 11. What is w(5)?
-15
Let h(t) = 2*t + 0*t + 9*t**2 - 1 + 0*t**2. Suppose -5*z - 17*f = -19*f + 3, 0 = -5*z + 4*f - 11. Determine h(z).
10
Let v(o) = -o**2 - 15*o - 16. Let t be 4*((-10)/(-4) + -6). Determine v(t).
-2
Let t(n) = n**2 - 3*n - 1. Let c = 165 + -162. Give t(c).
-1
Let r(k) = -k**2 - k + 1. Let z(g) = -8*g**2 - 14*g + 12. Let c(u) = 17*u**2 + 28*u - 23. Let v(o) = 3*c(o) + 7*z(o). Let s(l) = 6*r(l) - v(l). Calculate s(6).
3
Let a = 17 - 21. Let w(b) = b**2 + b + 4. Let u be w(a). Let o(p) = 5 + 4 + 17*p - u*p. Calculate o(-4).
5
Let z(i) = 25*i - 5*i + 16 - 18*i. Give z(-7).
2
Let w(h) = -h**3 + 15*h**2 + 10. Suppose -2*r + 5 = -3*r - 5*k, 3*k + 12 = 0. Determine w(r).
10
Let n(a) = 2*a - 6. Suppose -2*j + 0*j = -8. Let c be n(j). Let i(p) be the second derivative of -p**5/20 + p**3/6 - 3*p. What is i(c)?
-6
Let h = 37 + -31. Suppose 4*z - 2 = -5*k + 2, -k + 2*z = -12. Let a(y) = 4 - 6 + 5 + k - 2*y. Determine a(h).
-5
Let v(w) = -w**3 - 4*w**2 + 2*w - 2. Let b be 45/(-10)*28/(-6). Suppose -2*u - 6 = 2*d, d + 3*d - 5*u = -b. What is v(d)?
-10
Let j(m) be the first derivative of -m**3/3 + m**2/2 - m - 1. Suppose -18*f = 10*f - 28. Calculate j(f).
-1
Let d(p) = 3*p - 4. Let x(f) = 2*f**2 + 65*f - 29. Let a be x(-33). Calculate d(a).
8
Let u(n) be the first derivative of -4*n**3/3 - 5*n**2/2 - 3*n + 69. What is u(-3)?
-24
Let f = 160 - 140. Let i be 11 + (-7)/(28/f). Let a(q) = q**2 - 8*q + 5. Give a(i).
-7
Let h(c) be the first derivative of 16*c**3/3 - c - 58. Calculate h(1).
15
Let n(t) = t**3 + 4*t**2 - 7*t - 4. Suppose 1833*z = 1836*z + 15. Give n(z).
6
Let h = -97 - -101. Suppose i - h*i + 3 = 0. Let k(m) = -10*m - 1. Calculate k(i).
-11
Let k(z) = -4*z + 48. Let q be k(11). Let m(l) = 4*l - 7. Let i(b) = 17*b - 29. Let d(t) = 2*i(t) - 9*m(t). Calculate d(q).
-3
Suppose 20 = x + 24. Let t(j) = -j**3 - 4*j**2 + j - 1. Calculate t(x).
-5
Let p(q) = q**3 - 2*q**2 + 2*q. Let y(o) = -6*o**2 + o - 12. Let n(t) = t**2 + t + 1. Let i(b) = -5*n(b) - y(b). Let g be i(1). Calculate p(g).
4
Let c(o) = 11*o**2 + o + 1. Suppose 27*j = j - 26. Give c(j).
11
Let i(r) be the third derivative of r**4/24 + 2*r**3/3 + r**2. Let p(v) = v**2 - 10*v - 7. Let y be (66/36)/((-2)/(-12)). Let s be p(y). Give i(s).
8
Suppose -2*k + 10 = -10. Suppose -5 = 4*z - 2*y + 3, -k = 5*z - y. Let u(c) = 4*c**2 - 2 + 3*c**3 + 5*c - c**3 - 2*c - c. Calculate u(z).
-6
Suppose 5*y - 2*c = -10, -y - 25 = y - 5*c. Suppose -3*d + 8*d + g - 12 = 0, -2*d - 3*g + 10 = y. Let r(x) = -2*x - 1. Calculate r(d).
-5
Let h(f) = 6*f**2 + 6*f - 8. Let z(k) = -5*k**2 - 6*k + 7. Let l(c) = 4*h(c) + 5*z(c). Let d be l(-6). Let n(x) = 3*x - x - 9 + 8 - d*x. Calculate n(-5).
4
Let v(f) be the first derivative of f**4/2 + f**3/3 - 3*f**2/2 - 2*f + 12. Calculate v(-3).
-38
Let a(g) be the third derivative of -g**5/60 + g**4/4 - g**3/2 + 2*g**2. Let q be (-11)/(-3) + 0 - (-74)/222. What is a(q)?
5
Let n(c) = 21*c**3 - 14*c + 3. Let m(h) be the second derivative of -7*h**5/10 + 3*h**3/2 - h**2 + 10*h. Let l(y) = 8*m(y) + 5*n(y). Determine l(1).
-6
Let p(x) be the third derivative of 1/3*x**3 + 1/24*x**4 + 0 + 0*x + 18*x**2. Suppose -v - 4*v = -4*t - 15, 0 = -5*t + 3*v - 9. Give p(t).
2
Suppose -5*d = -3*s + 8*s + 10, 5*d = 4*s + 8. Suppose 8*r - 10*r + 38 = d. Let u(a) = 13 - 2*a + r - 31 + a. Give u(2).
-1
Let o(k) = -4 - 3*k**2 + 2*k**2 + 114*k + 0*k**2 + 0*k**2 - 100*k. Give o(14).
-4
Let s(g) be the second derivative of 10*g - 1/4*g**4 - 2*g*